?
-101100011011010
In base 2, what is 1101000111100111101 + -1000001001?
1101000110100110100
In base 10, what is -36229030 + -1?
-36229031
In base 5, what is 0 + -11200100433?
-11200100433
In base 14, what is 2069 - -934?
299d
In base 2, what is -1000110000100010001100 - -11?
-1000110000100010001001
In base 9, what is -61211 - 174?
-61385
In base 3, what is -2111002021102012 - -1000?
-2111002021101012
In base 5, what is -212201 - -41422?
-120224
In base 10, what is -1345695 - 19?
-1345714
In base 14, what is -2 + bac9546?
bac9544
In base 4, what is 3 - 2101010331?
-2101010322
In base 6, what is 12 + -10521044242?
-10521044230
In base 4, what is -2101 + 10312220?
10310113
In base 14, what is -453640a6 + 0?
-453640a6
In base 2, what is -10101110011101011000101 + 10000?
-10101110011101010110101
In base 9, what is -1020 - -171683?
170663
In base 8, what is -36077 + -30226?
-66325
In base 11, what is -390678 - 11?
-390689
In base 12, what is 24850534a - 5?
248505345
In base 14, what is 300 + 37c53?
38153
In base 15, what is -4 + 230dab?
230da7
In base 10, what is -10511924 + -1?
-10511925
In base 13, what is -3 + 1984559?
1984556
In base 9, what is -84 + -11444?
-11538
In base 6, what is 2202301212 - 23?
2202301145
In base 12, what is -27227 - 1a0?
-27407
In base 12, what is 1 + -110440a7?
-110440a6
In base 3, what is -1 - 22121121021101?
-22121121021102
In base 2, what is 1001010010001101011111110 + -101?
1001010010001101011111001
In base 15, what is 2 + 1a75004?
1a75006
In base 6, what is 40531020 + -21?
40530555
In base 6, what is 124 + 343324134?
343324302
In base 8, what is -2755442 - -326?
-2755114
In base 2, what is -101101110001000010 - 101100010?
-101101110110100100
In base 10, what is -3 - 3122447?
-3122450
In base 11, what is 8373a5 + 0?
8373a5
In base 15, what is e921a + -120?
e90ea
In base 16, what is -38345 + 71?
-382d4
In base 4, what is 13110310322 - -30?
13110311012
In base 10, what is -4 + -90450036?
-90450040
In base 6, what is 3 - -1231043?
1231050
In base 14, what is 23 + -2072d6?
-2072b3
In base 9, what is 1 + -432740?
-432738
In base 7, what is 122 + 12301560?
12302012
In base 15, what is 18 - -8d29?
8d42
In base 8, what is -21770 + 657?
-21111
In base 16, what is -517c46b - 1?
-517c46c
In base 6, what is -10 - 212122553?
-212123003
In base 12, what is 0 - -3ab6b?
3ab6b
In base 15, what is -1e6a326 - 19?
-1e6a340
In base 11, what is -a92 + 52630?
51649
In base 12, what is 10 + 14307?
14317
In base 13, what is 347c4c - -5?
347c54
In base 15, what is -6792 + -1c?
-67ae
In base 10, what is 8 + -1308003?
-1307995
In base 11, what is a98a5 - -15?
a990a
In base 3, what is -2122001121 + 221021?
-2121010100
In base 2, what is 11010111000100 - -1011100010100?
100110011011000
In base 4, what is 10 + -10330021302?
-10330021232
In base 6, what is 2255325531 + -5?
2255325522
In base 4, what is -10032102 + 121032?
-3311010
In base 13, what is 5 - 9c04537?
-9c04532
In base 12, what is 1245 + -5415?
-4190
In base 2, what is -1001000 + -10000000110000010?
-10000000111001010
In base 6, what is -22340 - 2124123?
-2150503
In base 4, what is 2130 + 112112022?
112120212
In base 7, what is -143650 - -5623?
-135024
In base 3, what is -100 + 11222100022002?
11222100021202
In base 3, what is 2101220100100002 - -2?
2101220100100011
In base 3, what is -10102210022 - 1211?
-10102212010
In base 14, what is 47721204 - -1?
47721205
In base 13, what is -1ca3c30 + 0?
-1ca3c30
In base 9, what is -78366823 + -13?
-78366836
In base 11, what is 2 - 1445088?
-1445086
In base 16, what is 1e4 + -3c59?
-3a75
In base 5, what is -243 - 2141440003?
-2141440301
In base 13, what is 399b1 - 7c?
39932
In base 10, what is 12854 - -1541?
14395
In base 13, what is -16ca6 - 192?
-17168
In base 3, what is 2 + -2210221212202?
-2210221212200
In base 11, what is -310a + 9947?
6838
In base 16, what is 42 - 19392?
-19350
In base 2, what is 11 + -1100110001011100011110010?
-1100110001011100011101111
In base 16, what is 8325 - 5d79?
25ac
In base 16, what is 1052e - 1d17?
e817
In base 15, what is -2a26eebb - -5?
-2a26eeb6
In base 15, what is 460a1 - 2d?
46073
In base 14, what is -9 - -19c2a89d?
19c2a894
In base 15, what is 42070d8 + -2?
42070d6
In base 10, what is -24806763 - 16?
-24806779
In base 13, what is 3 + 88bcb0?
88bcb3
In base 14, what is -508bc17 + -2b?
-508bc44
In base 12, what is 1a + -5b9b?
-5b81
In base 3, what is -2 + -22112212222121?
-22112212222200
In base 5, what is -214112320 - -20?
-214112300
In base 5, what is 4 - 12200323422?
-12200323413
In base 7, what is -4 - -51323544?
51323540
In base 14, what is -a83c87 + -6?
-a83c8d
In base 14, what is a + 2d3236?
2d3242
In base 14, what is -4 + 2953098?
2953094
In base 14, what is -ba8a1 + -2a?
-ba8cb
In base 3, what is -1202212010020 - -1210?
-1202212001110
In base 3, what is -2 - 210120120?
-210120122
In base 3, what is -10021010002 - -12100?
-10020220202
In base 8, what is -5 + -170123754?
-170123761
In base 15, what is 1160db + -24?
1160b7
In base 10, what is -7657147 - -136?
-7657011
In base 8, what is 64 + -1761314?
-1761230
In base 7, what is -1 + 2000611065?
2000611064
In base 10, what is -2 + -1520895?
-1520897
In base 16, what is -5701 - 35d?
-5a5e
In base 16, what is -1 + -2c7566?
-2c7567
In base 6, what is 4 + -45524550?
-45524542
In base 9, what is -265312 - 12?
-265324
In base 5, what is -13 - 1304020034?
-1304020102
In base 15, what is -2261080 - 0?
-2261080
In base 5, what is 1424033 - -2110?
1431143
In base 13, what is -15869c + -385?
-158a54
In base 14, what is -59d1c29 + 4?
-59d1c25
In base 16, what is 97057 + 2f?
97086
In base 11, what is -186 + -15452?
-15628
In base 15, what is -5424 - eeb?
-6420
In base 10, what is 1 + -279870?
-279869
In base 9, what is 116063172 + 1?
116063173
In base 9, what is 1 - -246452314?
246452315
In base 12, what is 32 + -79539?
-79507
In base 13, what is 5 - 7cba455?
-7cba450
In base 9, what is 51062 - 330?
50632
In base 6, what is -5 - -340041352?
340041343
In base 5, what is 4222200343 + -4?
4222200334
In base 11, what is 1a2 - 434a0?
-432a9
In base 13, what is -c9 + -931?
-a2a
In base 11, what is -1a - 173562?
-173581
In base 5, what is 24 - -103020342303?
103020342332
In base 13, what is 420287 + 17?
4202a1
In base 9, what is -1441235 + -38?
-1441274
In base 11, what is -662999 + 7?
-662992
In base 10, what is -26593 + 74?
-26519
In base 11, what is 76 + 90757a?
907645
In base 3, what is -10001000000020 - 21?
-10001000000111
In base 5, what is -142430 - -110430?
-32000
In base 6, what is -4 + -20555320?
-20555324
In base 15, what is 5149e24a + -4?
5149e246
In base 13, what is -7c5 + -363?
-b58
In base 10, what is -951915 - -4?
-951911
In base 13, what is -2163bb1 + -9?
-2163bba
In base 8, what is 0 - -130041431?
130041431
In base 8, what is 157614515 - 3?
157614512
In base 12, what is -2895 - -1159?
-1738
In base 2, what is 1 - 111111100001110100000000?
-111111100001110011111111
In base 4, what is -100320021000021 - -10?
-100320021000011
In base 12, what is 950189 + -3?
950186
In base 4, what is 11112233101010 + -2?
11112233101002
In base 10, what is 2744 - 20121?
-17377
In base 8, what is -2733610 - 115?
-2733725
In base 16, what is -31 - -20baf8?
20bac7
In base 16, what is -9 + 1c3a8?
1c39f
In base 2, what is 10000110101011001101101010 + 100?
10000110101011001101101110
In base 11, what is -11902 - 4a6?
-122a8
In base 14, what is 74100 + ad?
741ad
In base 11, what is a30 + -11657?
-10727
In base 14, what is 5 - 1b81cc?
-1b81c7
In base 16, what is -1a - 2782cd?
-2782e7
In base 16, what is 4e4331 - 47?
4e42ea
In base 5, what is 14324 - -1102423?
1122302
In base 8, what is -205121 + -64?
-205205
In base 7, what is 3 + 101534534?
101534540
In base 7, what is 52251 + -613?
51335
In base 2, what is -111100110110101101111 + 100?
-111100110110101101011
In base 3, what is -111 + -1112002221120?
-1112002222001
In base 4, what is -303203220 - 3111?
-303212331
In base 16, what is -5df + 10e0e?
1082f
In base 8, what is -16413170 - -5?
-16413163
In base 13, what is -c21087 + -8?
-c21092
In base 9, what is 30442764 - 0?
30442764
In base 16, what is 3 - 43b4af5?
-43b4af2
In base 15, what is 93 - -2a8a?
2b2d
In base 5, what is 10403 + 1140211?
1201114
In base 4, what is -30 - -111